{"id":7127,"date":"2023-03-09T12:05:17","date_gmt":"2023-03-09T11:05:17","guid":{"rendered":"https:\/\/ecm-diag.com\/?page_id=7127"},"modified":"2026-01-15T10:35:11","modified_gmt":"2026-01-15T09:35:11","slug":"a-propos","status":"publish","type":"page","link":"https:\/\/ecm-diag.com\/index.php\/a-propos\/","title":{"rendered":"A propos"},"content":{"rendered":"<section class=\"l-section wpb_row height_custom\"><div class=\"l-section-h i-cf\"><div class=\"g-cols vc_row via_grid cols_2 laptops-cols_inherit tablets-cols_inherit mobiles-cols_1 valign_top type_default stacking_default\"><div class=\"wpb_column vc_column_container\"><div class=\"vc_column-inner\"><div class=\"wpb_text_column\"><div class=\"wpb_wrapper\"><h2 style=\"font-size: 20px;\"><span style=\"color: #c17a72; font-size: 35px;\">Pr\u00e9sentation<\/span><\/h2>\n<p>ECM Diag est une soci\u00e9t\u00e9 d\u00e9di\u00e9e au diagnostics immobilier situ\u00e9e \u00e0 20 minutes de Paris et proche de Disneyland.<br \/>Elle r\u00e9alise l\u2019ensemble de vos diagnostics \u00e0 l\u2019occasion de travaux, de la vente ou de la location de votre bien immobilier.<\/p>\n<p><span style=\"color: #870000;\"><strong>Diagnostics Immobiliers<\/strong>\u00a0<\/span><\/p>\n<p>Prenez contact avec notre technicienne Adeline. Elle pourra r\u00e9pondre \u00e0 vos questions, r\u00e9aliser un devis sur mesure et se d\u00e9placera \u00e0 votre domicile dans les 72H maximum.<br \/>La remise de vos diagnostics immobiliers seront \u00e9dit\u00e9s sous moins de 48h maximum et disponible en ligne directement.<\/p>\n<p style=\"color: #00833f;\"><img loading=\"lazy\" decoding=\"async\" class=\" wp-image-7184 alignleft\" src=\"https:\/\/ecm-diag.com\/wp-content\/uploads\/2023\/03\/Logotype-DEKRA-Certification-212x300.jpg\" alt=\"\" width=\"103\" height=\"145\" srcset=\"https:\/\/ecm-diag.com\/wp-content\/uploads\/2023\/03\/Logotype-DEKRA-Certification-212x300.jpg 212w, https:\/\/ecm-diag.com\/wp-content\/uploads\/2023\/03\/Logotype-DEKRA-Certification.jpg 564w\" sizes=\"auto, (max-width: 103px) 100vw, 103px\" \/><strong>Technicienne certifi\u00e9e<\/strong><\/p>\n<p>\u00a0<\/p>\n<p>\u00a0<\/p>\n<p>\u00a0<\/p>\n<p><strong><span style=\"color: #000080;\">Etats des lieux<\/span><\/strong><\/p>\n<p>ECM Diag propose \u00e9galement la r\u00e9alisation compl\u00e8te des \u00e9tats des lieux d&rsquo;entr\u00e9e d&rsquo;entr\u00e9e et de sortie, assur\u00e9e par Maxime, membre de l&rsquo;\u00e9quipe ECM Diag.<\/p>\n<p>Il intervient aupr\u00e8s des propri\u00e9taires, locataires et professionnels de l&rsquo;immobilier avec s\u00e9rieux, neutralit\u00e9 et pr\u00e9cision. Chaque \u00e9tat des lieux est r\u00e9alis\u00e9 dans le respect de la r\u00e9glementation en vigueur, avec une attention particuli\u00e8re port\u00e9e au d\u00e9tails afin de garantir une parfaite transparence entre les parties et pr\u00e9venir tout litige.<\/p>\n<p>Les \u00e9tats des lieux sont r\u00e9alis\u00e9s sur support num\u00e9rique, accompagn\u00e9s de photographes, et transmis rapidement apr\u00e8s intervention.<\/p>\n<p>Nous intervenons sur Pontault-Combault et les communes environnantes pour des logements vides ou meubl\u00e9s ainsi que les locaux commerciaux.<\/p>\n<\/div><\/div><\/div><\/div><div class=\"wpb_column vc_column_container\"><div class=\"vc_column-inner\"><div class=\"w-image align_right\"><div class=\"w-image-h\"><img loading=\"lazy\" decoding=\"async\" width=\"445\" height=\"519\" src=\"https:\/\/ecm-diag.com\/wp-content\/uploads\/2023\/03\/profil.jpg\" class=\"attachment-large size-large\" alt=\"\" srcset=\"https:\/\/ecm-diag.com\/wp-content\/uploads\/2023\/03\/profil.jpg 445w, https:\/\/ecm-diag.com\/wp-content\/uploads\/2023\/03\/profil-257x300.jpg 257w\" sizes=\"auto, (max-width: 445px) 100vw, 445px\" \/><\/div><\/div><div class=\"wpb_text_column\"><div class=\"wpb_wrapper\"><p style=\"text-align: center;\"><span style=\"color: #ffffff;\">Adeline Lelarge<\/span><\/p>\n<\/div><\/div><div class=\"wpb_text_column\"><div class=\"wpb_wrapper\"><p style=\"text-align: center;\"><span style=\"color: #ffffff;\">Maxime Martin<\/span><\/p>\n<\/div><\/div><div class=\"w-image align_none\"><div class=\"w-image-h\"><img loading=\"lazy\" decoding=\"async\" width=\"638\" height=\"800\" src=\"https:\/\/ecm-diag.com\/wp-content\/uploads\/2026\/01\/Sujet-002.png\" class=\"attachment-large size-large\" alt=\"\" srcset=\"https:\/\/ecm-diag.com\/wp-content\/uploads\/2026\/01\/Sujet-002.png 638w, https:\/\/ecm-diag.com\/wp-content\/uploads\/2026\/01\/Sujet-002-239x300.png 239w, https:\/\/ecm-diag.com\/wp-content\/uploads\/2026\/01\/Sujet-002-600x752.png 600w\" sizes=\"auto, (max-width: 638px) 100vw, 638px\" \/><\/div><\/div><\/div><\/div><\/div><\/div><\/section>\n","protected":false},"excerpt":{"rendered":"Pr\u00e9sentation ECM Diag est une soci\u00e9t\u00e9 d\u00e9di\u00e9e au diagnostics immobilier situ\u00e9e \u00e0 20 minutes de Paris et proche de Disneyland.Elle r\u00e9alise l\u2019ensemble de vos diagnostics \u00e0 l\u2019occasion de travaux, de la vente ou de la location de votre bien immobilier. Diagnostics Immobiliers\u00a0 Prenez contact avec notre technicienne Adeline. Elle pourra r\u00e9pondre \u00e0 vos questions, r\u00e9aliser...","protected":false},"author":1,"featured_media":0,"parent":0,"menu_order":0,"comment_status":"closed","ping_status":"closed","template":"","meta":{"footnotes":""},"class_list":["post-7127","page","type-page","status-publish","hentry"],"acf":[],"yoast_head":"<!-- This site is optimized with the Yoast SEO plugin v26.4 - https:\/\/yoast.com\/wordpress\/plugins\/seo\/ -->\n<title>A propos - ECM DIAG<\/title>\n<meta name=\"robots\" content=\"index, follow, max-snippet:-1, max-image-preview:large, max-video-preview:-1\" \/>\n<link rel=\"canonical\" href=\"https:\/\/ecm-diag.com\/index.php\/a-propos\/\" \/>\n<meta property=\"og:locale\" content=\"fr_FR\" \/>\n<meta property=\"og:type\" content=\"article\" \/>\n<meta property=\"og:title\" content=\"A propos - ECM DIAG\" \/>\n<meta property=\"og:url\" content=\"https:\/\/ecm-diag.com\/index.php\/a-propos\/\" \/>\n<meta property=\"og:site_name\" content=\"ECM DIAG\" \/>\n<meta property=\"article:modified_time\" content=\"2026-01-15T09:35:11+00:00\" \/>\n<meta property=\"og:image\" content=\"http:\/\/ecm-diag.com\/wp-content\/uploads\/2023\/03\/Logotype-DEKRA-Certification-212x300.jpg\" \/>\n<meta name=\"twitter:card\" content=\"summary_large_image\" \/>\n<meta name=\"twitter:label1\" content=\"Dur\u00e9e de lecture estim\u00e9e\" \/>\n\t<meta name=\"twitter:data1\" content=\"2 minutes\" \/>\n<script type=\"application\/ld+json\" class=\"yoast-schema-graph\">{\"@context\":\"https:\/\/schema.org\",\"@graph\":[{\"@type\":\"WebPage\",\"@id\":\"https:\/\/ecm-diag.com\/index.php\/a-propos\/\",\"url\":\"https:\/\/ecm-diag.com\/index.php\/a-propos\/\",\"name\":\"A propos - ECM DIAG\",\"isPartOf\":{\"@id\":\"https:\/\/ecm-diag.com\/#website\"},\"primaryImageOfPage\":{\"@id\":\"https:\/\/ecm-diag.com\/index.php\/a-propos\/#primaryimage\"},\"image\":{\"@id\":\"https:\/\/ecm-diag.com\/index.php\/a-propos\/#primaryimage\"},\"thumbnailUrl\":\"http:\/\/ecm-diag.com\/wp-content\/uploads\/2023\/03\/Logotype-DEKRA-Certification-212x300.jpg\",\"datePublished\":\"2023-03-09T11:05:17+00:00\",\"dateModified\":\"2026-01-15T09:35:11+00:00\",\"breadcrumb\":{\"@id\":\"https:\/\/ecm-diag.com\/index.php\/a-propos\/#breadcrumb\"},\"inLanguage\":\"fr-FR\",\"potentialAction\":[{\"@type\":\"ReadAction\",\"target\":[\"https:\/\/ecm-diag.com\/index.php\/a-propos\/\"]}]},{\"@type\":\"ImageObject\",\"inLanguage\":\"fr-FR\",\"@id\":\"https:\/\/ecm-diag.com\/index.php\/a-propos\/#primaryimage\",\"url\":\"http:\/\/ecm-diag.com\/wp-content\/uploads\/2023\/03\/Logotype-DEKRA-Certification-212x300.jpg\",\"contentUrl\":\"http:\/\/ecm-diag.com\/wp-content\/uploads\/2023\/03\/Logotype-DEKRA-Certification-212x300.jpg\"},{\"@type\":\"BreadcrumbList\",\"@id\":\"https:\/\/ecm-diag.com\/index.php\/a-propos\/#breadcrumb\",\"itemListElement\":[{\"@type\":\"ListItem\",\"position\":1,\"name\":\"Accueil\",\"item\":\"https:\/\/ecm-diag.com\/\"},{\"@type\":\"ListItem\",\"position\":2,\"name\":\"A propos\"}]},{\"@type\":\"WebSite\",\"@id\":\"https:\/\/ecm-diag.com\/#website\",\"url\":\"https:\/\/ecm-diag.com\/\",\"name\":\"ECM DIAG\",\"description\":\"Diagnostics Immobiliers Marne la Vall\u00e9e\",\"potentialAction\":[{\"@type\":\"SearchAction\",\"target\":{\"@type\":\"EntryPoint\",\"urlTemplate\":\"https:\/\/ecm-diag.com\/?s={search_term_string}\"},\"query-input\":{\"@type\":\"PropertyValueSpecification\",\"valueRequired\":true,\"valueName\":\"search_term_string\"}}],\"inLanguage\":\"fr-FR\"}]}<\/script>\n<!-- \/ Yoast SEO plugin. -->","yoast_head_json":{"title":"A propos - ECM DIAG","robots":{"index":"index","follow":"follow","max-snippet":"max-snippet:-1","max-image-preview":"max-image-preview:large","max-video-preview":"max-video-preview:-1"},"canonical":"https:\/\/ecm-diag.com\/index.php\/a-propos\/","og_locale":"fr_FR","og_type":"article","og_title":"A propos - ECM DIAG","og_url":"https:\/\/ecm-diag.com\/index.php\/a-propos\/","og_site_name":"ECM DIAG","article_modified_time":"2026-01-15T09:35:11+00:00","og_image":[{"url":"http:\/\/ecm-diag.com\/wp-content\/uploads\/2023\/03\/Logotype-DEKRA-Certification-212x300.jpg","type":"","width":"","height":""}],"twitter_card":"summary_large_image","twitter_misc":{"Dur\u00e9e de lecture estim\u00e9e":"2 minutes"},"schema":{"@context":"https:\/\/schema.org","@graph":[{"@type":"WebPage","@id":"https:\/\/ecm-diag.com\/index.php\/a-propos\/","url":"https:\/\/ecm-diag.com\/index.php\/a-propos\/","name":"A propos - ECM DIAG","isPartOf":{"@id":"https:\/\/ecm-diag.com\/#website"},"primaryImageOfPage":{"@id":"https:\/\/ecm-diag.com\/index.php\/a-propos\/#primaryimage"},"image":{"@id":"https:\/\/ecm-diag.com\/index.php\/a-propos\/#primaryimage"},"thumbnailUrl":"http:\/\/ecm-diag.com\/wp-content\/uploads\/2023\/03\/Logotype-DEKRA-Certification-212x300.jpg","datePublished":"2023-03-09T11:05:17+00:00","dateModified":"2026-01-15T09:35:11+00:00","breadcrumb":{"@id":"https:\/\/ecm-diag.com\/index.php\/a-propos\/#breadcrumb"},"inLanguage":"fr-FR","potentialAction":[{"@type":"ReadAction","target":["https:\/\/ecm-diag.com\/index.php\/a-propos\/"]}]},{"@type":"ImageObject","inLanguage":"fr-FR","@id":"https:\/\/ecm-diag.com\/index.php\/a-propos\/#primaryimage","url":"http:\/\/ecm-diag.com\/wp-content\/uploads\/2023\/03\/Logotype-DEKRA-Certification-212x300.jpg","contentUrl":"http:\/\/ecm-diag.com\/wp-content\/uploads\/2023\/03\/Logotype-DEKRA-Certification-212x300.jpg"},{"@type":"BreadcrumbList","@id":"https:\/\/ecm-diag.com\/index.php\/a-propos\/#breadcrumb","itemListElement":[{"@type":"ListItem","position":1,"name":"Accueil","item":"https:\/\/ecm-diag.com\/"},{"@type":"ListItem","position":2,"name":"A propos"}]},{"@type":"WebSite","@id":"https:\/\/ecm-diag.com\/#website","url":"https:\/\/ecm-diag.com\/","name":"ECM DIAG","description":"Diagnostics Immobiliers Marne la Vall\u00e9e","potentialAction":[{"@type":"SearchAction","target":{"@type":"EntryPoint","urlTemplate":"https:\/\/ecm-diag.com\/?s={search_term_string}"},"query-input":{"@type":"PropertyValueSpecification","valueRequired":true,"valueName":"search_term_string"}}],"inLanguage":"fr-FR"}]}},"jetpack_sharing_enabled":true,"_links":{"self":[{"href":"https:\/\/ecm-diag.com\/index.php\/wp-json\/wp\/v2\/pages\/7127","targetHints":{"allow":["GET"]}}],"collection":[{"href":"https:\/\/ecm-diag.com\/index.php\/wp-json\/wp\/v2\/pages"}],"about":[{"href":"https:\/\/ecm-diag.com\/index.php\/wp-json\/wp\/v2\/types\/page"}],"author":[{"embeddable":true,"href":"https:\/\/ecm-diag.com\/index.php\/wp-json\/wp\/v2\/users\/1"}],"replies":[{"embeddable":true,"href":"https:\/\/ecm-diag.com\/index.php\/wp-json\/wp\/v2\/comments?post=7127"}],"version-history":[{"count":17,"href":"https:\/\/ecm-diag.com\/index.php\/wp-json\/wp\/v2\/pages\/7127\/revisions"}],"predecessor-version":[{"id":7408,"href":"https:\/\/ecm-diag.com\/index.php\/wp-json\/wp\/v2\/pages\/7127\/revisions\/7408"}],"wp:attachment":[{"href":"https:\/\/ecm-diag.com\/index.php\/wp-json\/wp\/v2\/media?parent=7127"}],"curies":[{"name":"wp","href":"https:\/\/api.w.org\/{rel}","templated":true}]}}